{"id":18,"date":"2023-10-22T20:43:14","date_gmt":"2023-10-22T18:43:14","guid":{"rendered":"http:\/\/gielda.kuferek.eu\/?page_id=18"},"modified":"2026-02-18T01:21:07","modified_gmt":"2026-02-18T00:21:07","slug":"gielda","status":"publish","type":"page","link":"https:\/\/gielda.kuferek.eu\/index.php\/gielda\/","title":{"rendered":"Gie\u0142da"},"content":{"rendered":"\n<h3 class=\"wp-block-heading\"><strong>Terminy planowanych gie\u0142d:<\/strong><\/h3>\n\n\n\n<p class=\"has-luminous-vivid-orange-color has-text-color has-link-color has-large-font-size wp-elements-f8eb3cbb02b85e4575296f6b09bfcdac\"><strong>III Edycja &#8211; 22 lutego 2026<\/strong><\/p>\n\n\n\n<figure class=\"wp-block-image size-large\"><img loading=\"lazy\" decoding=\"async\" width=\"724\" height=\"1024\" src=\"https:\/\/gielda.kuferek.eu\/wp-content\/uploads\/2025\/12\/Plakat-Gielda-3-www-1-724x1024.jpg\" alt=\"\" class=\"wp-image-346\" srcset=\"https:\/\/gielda.kuferek.eu\/wp-content\/uploads\/2025\/12\/Plakat-Gielda-3-www-1-724x1024.jpg 724w, https:\/\/gielda.kuferek.eu\/wp-content\/uploads\/2025\/12\/Plakat-Gielda-3-www-1-212x300.jpg 212w, https:\/\/gielda.kuferek.eu\/wp-content\/uploads\/2025\/12\/Plakat-Gielda-3-www-1-768x1087.jpg 768w, https:\/\/gielda.kuferek.eu\/wp-content\/uploads\/2025\/12\/Plakat-Gielda-3-www-1-1085x1536.jpg 1085w, https:\/\/gielda.kuferek.eu\/wp-content\/uploads\/2025\/12\/Plakat-Gielda-3-www-1-1447x2048.jpg 1447w, https:\/\/gielda.kuferek.eu\/wp-content\/uploads\/2025\/12\/Plakat-Gielda-3-www-1.jpg 1696w\" sizes=\"auto, (max-width: 724px) 100vw, 724px\" \/><\/figure>\n\n\n\n<p>Organizatorzy planuj\u0105 organizacj\u0119 w roku kalendarzowym 2 gie\u0142d g\u0142\u00f3wnych o zasi\u0119gu krajowym :<\/p>\n\n\n\n<ul class=\"wp-block-list\">\n<li><strong>WIOSENNEJ OLSZTY\u0143SKIEJ GIE\u0141DY KOLEKCJONERSKIEJ KUFEREK <\/strong><\/li>\n\n\n\n<li><strong>JESIENNEJ OLSZTY\u0143SKIEJ GIE\u0141DY KOLEKCJONERSKIEJ KUFEREK<\/strong><\/li>\n<\/ul>\n\n\n\n<p><\/p>\n\n\n\n<p>Terminy i cz\u0119stotliwo\u015b\u0107 gie\u0142d mog\u0105 ulec zmianie .<\/p>\n\n\n\n<p><\/p>\n\n\n\n<h5 class=\"wp-block-heading\">Archiwalne edycje Gie\u0142dy<\/h5>\n\n\n\n<h2 class=\"wp-block-heading\"><a href=\"http:\/\/gielda.kuferek.eu\/index.php\/galeria\/\" data-type=\"page\" data-id=\"16\"><strong>II Edycja &#8211; 15 czerwca 2025<\/strong><\/a><\/h2>\n\n\n\n<h2 class=\"wp-block-heading\"><a href=\"http:\/\/gielda.kuferek.eu\/index.php\/galeria\/\" data-type=\"page\" data-id=\"16\"><strong>I Edycja &#8211; 25 czerwca 2023<\/strong><\/a><\/h2>\n\n\n\n<p><\/p>\n","protected":false},"excerpt":{"rendered":"<p>Terminy planowanych gie\u0142d: III Edycja &#8211; 22 lutego 2026 Organizatorzy planuj\u0105 organizacj\u0119 w roku kalendarzowym 2 gie\u0142d g\u0142\u00f3wnych o zasi\u0119gu krajowym : Terminy i cz\u0119stotliwo\u015b\u0107 gie\u0142d mog\u0105 ulec zmianie . Archiwalne edycje Gie\u0142dy II Edycja &#8211; 15 czerwca 2025 I<\/p>\n","protected":false},"author":1,"featured_media":0,"parent":0,"menu_order":0,"comment_status":"closed","ping_status":"closed","template":"","meta":{"footnotes":""},"class_list":["post-18","page","type-page","status-publish","hentry"],"_links":{"self":[{"href":"https:\/\/gielda.kuferek.eu\/index.php\/wp-json\/wp\/v2\/pages\/18","targetHints":{"allow":["GET"]}}],"collection":[{"href":"https:\/\/gielda.kuferek.eu\/index.php\/wp-json\/wp\/v2\/pages"}],"about":[{"href":"https:\/\/gielda.kuferek.eu\/index.php\/wp-json\/wp\/v2\/types\/page"}],"author":[{"embeddable":true,"href":"https:\/\/gielda.kuferek.eu\/index.php\/wp-json\/wp\/v2\/users\/1"}],"replies":[{"embeddable":true,"href":"https:\/\/gielda.kuferek.eu\/index.php\/wp-json\/wp\/v2\/comments?post=18"}],"version-history":[{"count":14,"href":"https:\/\/gielda.kuferek.eu\/index.php\/wp-json\/wp\/v2\/pages\/18\/revisions"}],"predecessor-version":[{"id":349,"href":"https:\/\/gielda.kuferek.eu\/index.php\/wp-json\/wp\/v2\/pages\/18\/revisions\/349"}],"wp:attachment":[{"href":"https:\/\/gielda.kuferek.eu\/index.php\/wp-json\/wp\/v2\/media?parent=18"}],"curies":[{"name":"wp","href":"https:\/\/api.w.org\/{rel}","templated":true}]}}